 = 2*w - 20. Let i = -101 - -175. Let v = i + -56. What is the greatest common factor of v and r?
2
Let o be (4/6)/((-16)/(-120)). Suppose o*x - 1430 = 195. Calculate the greatest common divisor of 25 and x.
25
Suppose 0 = -2*b + 2*t + 94, -88*t = b - 86*t - 26. What is the highest common divisor of b and 11980?
20
Let b = 12177 + -12133. Calculate the greatest common divisor of b and 19756.
44
Let o = 24 - 3. Let u(w) = w**3 - 20*w**2 - 21*w + 12. Let z be u(o). Calculate the highest common factor of z and 210.
6
Let x(m) = -107*m**2 + 863*m - 5. Let t be x(8). What is the greatest common factor of t and 867?
51
Let r be 40/(1840/(-69)) - (-1507)/2. What is the greatest common factor of r and 80?
16
Suppose -86*j + 2*k = -88*j - 6, 0 = -3*k - 12. Suppose 2*n - 26 = -4*s, 2*n + s = -2*s + 26. What is the greatest common divisor of j and n?
1
Suppose -y = -5*y + 18*y - 700. Calculate the highest common divisor of y and 370.
10
Let z be 3 + -2 - (0 - 7). Let b(u) = u**3 + 9*u**2 + 18*u + 304. Let m be b(-10). What is the greatest common factor of m and z?
8
Suppose 17*v - 3 = 16*v. Suppose -v*d - 160 = -52. Let o = d - -148. What is the greatest common divisor of o and 48?
16
Suppose 3*q - 6 = 3*u, -q + 3*u = 4*q - 4. Let a be (q - 0)*(-10 + -9). Suppose 7*j = 15 + 118. Calculate the highest common divisor of a and j.
19
Let q(j) = j**3 - 132*j**2 + 252*j + 1120. Let k be q(130). Let x(y) = 13*y - 4. Let f be x(4). Calculate the greatest common factor of k and f.
16
Let p = 61 + -136. Let z = -40 - p. Let u be (-1566)/(-15) + 21/z. What is the highest common divisor of u and 42?
21
Suppose -25*g + 27*g = -10, 4*q - 5*g - 773 = 0. What is the highest common divisor of 323 and q?
17
Let y be (-64)/112 + (-558)/(-21). Suppose 7*o - y = 23. Calculate the greatest common factor of o and 1.
1
Let s(f) be the second derivative of f**4/12 + 17*f**2 - 7531*f. Let x = -1 - -1. Let v be s(x). What is the highest common divisor of v and 51?
17
Let x(k) = -k**3 + 25*k**2 + 31*k - 136. Let u be x(23). What is the highest common divisor of u and 75?
15
Suppose -20 = 8*t - 100. Let p be ((-28)/t + 2)/((-15)/300). Suppose -f + 0 = -4. What is the highest common factor of f and p?
4
Let o(u) = 32*u - 254. Let p be o(8). Suppose -598 = -p*l - 6. Calculate the highest common factor of 111 and l.
37
Let t = 53 - 73. Let w = t - -21. Let u be 1 - (1 + -1) - (-8)/w. Calculate the highest common divisor of u and 9.
9
Let n be ((-1 - -128) + 3)*33/2. Let i = -671 + n. What is the greatest common divisor of 11 and i?
11
Suppose -5*w - 51 = -b + 124, 5*w + 160 = -2*b. Let v be (w/(-8))/((-4)/(-16)). Let a be (12/9)/((-47)/(-2397)). Calculate the highest common factor of a and v.
17
Let d(s) = -2*s - 25. Let h be d(-17). Suppose -4*g - o - 22 = o, -3*o = h. Let c be (g/(-6))/((-1)/(-45)). Calculate the greatest common factor of c and 12.
6
Suppose 148 - 48 = 2*w - 2*k, -38 = -w - 5*k. Suppose 0 = 5*d + h - w, h = 3*d - 11 - 13. What is the highest common divisor of 243 and d?
9
Suppose -383*x = -403*x + 2480. Calculate the greatest common divisor of x and 8.
4
Let j = 5058 - 4990. What is the greatest common divisor of j and 16388?
68
Suppose -5*i = -3*r - 3983, -811 = -i + 23*r - 26*r. Calculate the greatest common divisor of i and 329.
47
Let q be ((-14)/35 - 28/5)/((-72)/47448). What is the greatest common factor of q and 12?
6
Let b be (0 + -1)/(2/(-6)). Suppose -73*h = -68*h - 2*j - 764, 4*h = 3*j + 621. What is the highest common factor of h and b?
3
Let k = -918 + 1324. Let o = k + -346. What is the greatest common divisor of 20 and o?
20
Let j(s) = -3300*s + 3402. Let f be j(1). Suppose 2*p - 1275 = -3*p. Calculate the highest common divisor of f and p.
51
Let m = -38 + 57. Let q be m/(38/24)*(-5)/(-2). Let i be -3 + (64 - (-1 + 2)). What is the highest common divisor of i and q?
30
Suppose 2012 = j - h, -h + 2255 = j + 227. What is the highest common divisor of j and 360?
20
Let f(a) = 83*a + 8. Let b be f(4). Let z = 52 + -46. Suppose 88 = z*d - 116. Calculate the greatest common divisor of b and d.
34
Let f be (-27)/270 + 6924/40. What is the greatest common divisor of 692 and f?
173
Let h be -23 + 20 - 13/(-1). Suppose 7*w - h = 4. Suppose -5*d + 10 = 5*u, 3*u = w*d + 6*u. What is the highest common factor of 18 and d?
6
Let a = -18136 - -25449. Calculate the greatest common divisor of a and 71.
71
Suppose 0 = 65*s - 43*s - 1307 + 339. What is the greatest common factor of 11044 and s?
44
Let c be (-2 + -14)/(1/2). Let b = c + 63. Suppose 43*m - 5*v = 41*m + 57, 3*m = 5*v + 88. Calculate the greatest common divisor of m and b.
31
Suppose -2*g + 54 = 5*a, -36*g + 40*g - 4*a = 136. What is the greatest common factor of 1696 and g?
32
Let f = 58 + 21. Let o = 113 - f. Calculate the greatest common factor of o and 17.
17
Suppose -q + 108 = 5*s, -3*q + 2*s + 74 = -335. Let z = 206 - -121. Suppose z + q = 4*x. Calculate the highest common factor of 23 and x.
23
Let i = -11451 - -20905. What is the greatest common divisor of 58 and i?
58
Suppose -19*q = -3*q + 80. Let w be (-258)/q - 6/(-15). What is the greatest common factor of 13 and w?
13
Let g(b) be the third derivative of 145*b**4/12 - 6*b**3 + 168*b**2. Let w be g(2). Calculate the greatest common divisor of 34 and w.
34
Suppose -29*u - 17*u + 4416 = 0. What is the greatest common factor of 3600 and u?
48
Let h = 4401 - 4293. Suppose g - 5*g - 139 = -5*i, i - 25 = -2*g. Calculate the greatest common factor of i and h.
27
Let a(n) = -n**2 - 9 - 4*n + 9*n**3 - 10*n**3 - 3*n + 14*n**2. Let h be a(9). What is the greatest common divisor of 36 and h?
36
Suppose -10*z - 16*z - 59*z + 216240 = 0. What is the greatest common divisor of z and 144?
48
Let g(p) be the second derivative of 25*p**3/6 + 35*p**2 + 247*p. Let x be g(8). What is the greatest common divisor of x and 5?
5
Suppose 0 = 2*p - 11*p + 27. Suppose -p*o = -5*w + 236, 0 = -2*o - 3*w - 0*w - 170. Let a = o - -154. Calculate the highest common factor of 48 and a.
24
Let r = -10776 + 11770. Let f(t) = -19*t - 5. Let m be f(-4). What is the greatest common divisor of r and m?
71
Let q(l) = -3*l. Let t be q(-10). Let k = -15 - -22. Let i be (-35)/1*(-6)/k. Calculate the highest common factor of t and i.
30
Let w = 328 - 57. Suppose -7*n + 1055 = w. Calculate the highest common factor of 80 and n.
16
Let q(c) = -40*c**2 + 165*c - 9. Let y be q(4). What is the highest common divisor of y and 2673?
11
Let o be 7105/21 + (-1)/3. Let f = o - 320. What is the greatest common factor of 78 and f?
6
Let o(g) = -g**2 + 36*g - 269. Let b be o(18). What is the greatest common factor of b and 5280?
55
Let t(j) = 16*j - 170. Let w be t(12). What is the greatest common factor of 418 and w?
22
Let n = 34 - 31. Suppose n*c - 40 = -2*s, -s - 62 = -5*s + 3*c. Let g = 16 + 1. Calculate the highest common divisor of g and s.
17
Let n = -6937 - -8533. Calculate the greatest common factor of 84 and n.
84
Let u be (-8004)/(-16) - 2/8. Let n = u + -270. Suppose -150 = -3*b + 5*p + 13, 4*p = -20. Calculate the highest common factor of b and n.
46
Let d = 155 - 107. Let q be d/(-84) + 22/14. Let r be (q/2)/(2/52). What is the highest common factor of r and 117?
13
Let i(h) = h**2 + 11*h + 124. Let m be i(-22). Let w = m - 344. Calculate the greatest common divisor of w and 242.
22
Suppose 5*b + 5*x + 60 = 0, 2*x + 0*x = -4*b - 42. Let c be (-1)/((-3)/b - 0). Let a = -2 - c. What is the greatest common divisor of 3 and a?
1
Suppose y - w = 190, 3*y - 7*w - 552 = -w. What is the greatest common factor of y and 3087?
49
Let k = 8 + 4. Suppose 26*w - 33*w - 28*w = -1470. What is the highest common divisor of k and w?
6
Suppose -1644 = -10*s + 1206. What is the greatest common divisor of s and 375?
15
Suppose 61*k - 1525 = 56*k. Suppose 0 = -3*n - 5*d + k, -n + 73 = -d - 34. Calculate the highest common divisor of n and 30.
15
Suppose -13*a + 39*a + 46*a = 1800. What is the greatest common factor of 875 and a?
25
Suppose 3*g - 2*h = 176, h - 111 = -2*g - 4*h. Suppose -3*n + g = -4*b, 7*n - 6*n + 2*b - 6 = 0. What is the greatest common factor of n and 105?
7
Let y(m) = -m**3 + 45*m**2 - 33*m - 3. Let u(x) = 11*x**2 + 31*x + 62. Let n be u(-2). Let v be y(n). What is the greatest common